{"id":358,"date":"2014-04-05T17:24:26","date_gmt":"2014-04-05T15:24:26","guid":{"rendered":"http:\/\/lauftreff-tvheli.de\/lauftreff\/?page_id=358"},"modified":"2018-07-14T17:57:26","modified_gmt":"2018-07-14T15:57:26","slug":"23-volkslauf-am-05-04-2014","status":"publish","type":"page","link":"https:\/\/lauftreff-tvheli.de\/lauftreff\/laufveranstaltungen-vom-lauftreff\/volkslauf-tv-hessisch-lichtenau\/23-volkslauf-am-05-04-2014\/","title":{"rendered":"23. Volkslauf am 05.04.2014"},"content":{"rendered":"<p><span style=\"font-family: 'Verdana','sans-serif';\"><span style=\"color: #000000;\">Mit 427 Zieleinl\u00e4ufen war der Volkslauf in Hessisch Lichtenau wieder gut besucht. Das Wetter war dieses Jahr f\u00fcr die L\u00e4ufer optimal. Leicht bedeckt, trocken und nicht zu warm. Gestartet wurde am Samstag ab 14:50 Uhr im Stadion am Berg. Die Organisatoren waren bereits ab 9:00 Uhr auf den Beinen um die Strecke, den Start und Zielbereich und die Bewirtung vorzubereiten. Hier noch mal vielen Dank an alle Helfer, sowie dem Deutschen Roten Kreuz, der Polizei und der Feuerwehr.<\/span><\/span><\/p>\n<p><span style=\"font-family: 'Verdana','sans-serif';\"><span style=\"color: #000000;\">Aus sportlicher Sicht wurden auch wieder super Ergebnisse erreicht. Auf den 20 Kilometern konnte sich Silke Altmann bei den Frauen in 1:29:38 Stunden deutlich absetzen. Bei den M\u00e4nnern gab es gleich zwei Sieger, Michael Kutscher von der LG Wesertal und Andreas Jordan vom TSG F\u00fcrstenhagen liefen zeitgleich in 1:16:29 Stunden gemeinsam ein, dicht gefolgt von Matthias Musick in 1:17:43 Stunden vom TV Heli.<\/span><\/span><\/p>\n<p><span style=\"font-family: 'Verdana','sans-serif';\"><span style=\"color: #000000;\">Vom TSV Niederelsungen hat Silke Kranz die 10 Kilometer in 48:04 Minuten gewonnen und von der LAG Wesertal konnte sich Felix Kaiser in 36:12 Minuten durchsetzen.<\/span><\/span><\/p>\n<p><span style=\"font-family: 'Verdana','sans-serif';\"><span style=\"color: #000000;\">Auf den 5 Kilometern konnte sich Eva Dieterich von der LG Fuldatal in 18:28 Minuten ganz vorne platzieren. In 17:26 Minuten war Christoph Bentz vom KSV Baunatal in 17:26 Minuten schnellster.<\/span><\/span><\/p>\n<p><span style=\"font-family: 'Verdana','sans-serif';\"><span style=\"color: #000000;\">Bei den 1.000 Meterl\u00e4ufen konnte sich mit Lea Ludwig eine TV L\u00e4uferin in 3:26 Minuten ganz vorne platzieren. Bei der m\u00e4nnlichen Jugend ging der 1. Platz an die JC Landwehrhagen mit Nick Spangenberg in 3:32 Minuten.<\/span><\/span><\/p>\n<p><span style=\"font-family: 'Verdana','sans-serif';\"><span style=\"color: #000000;\">Wir freuen uns bereits auf 2015 \u2013 Lauftreff TV Hessisch Lichtenau<\/span><\/span><\/p>\n<p><a href=\"http:\/\/lauftreff-tvheli.de\/lauftreff\/wp-content\/uploads\/2018\/07\/2014.04.05-NHC-Hessisch-Lichtenau.xlsx.pdf\">2014.04.05 NHC Hessisch Lichtenau.xlsx<\/a><\/p>\n<table width=\"485\">\n<tbody>\n<tr>\n<td width=\"87\"><strong>400 m<\/strong><\/td>\n<td width=\"47\">3.<\/td>\n<td width=\"176\">Moritz Klockmann<\/td>\n<td width=\"95\">02:03<\/td>\n<td width=\"80\">Bambini<\/td>\n<\/tr>\n<tr>\n<td><\/td>\n<td><\/td>\n<td><\/td>\n<td><\/td>\n<td><\/td>\n<\/tr>\n<tr>\n<td><strong>1.000 m<\/strong><\/td>\n<td>1.<\/td>\n<td>Lea Ludwig<\/td>\n<td>03:26<\/td>\n<td>WU16<\/td>\n<\/tr>\n<tr>\n<td><\/td>\n<td>5.<\/td>\n<td>Ellen Tesfay<\/td>\n<td>03:41<\/td>\n<td>WU16<\/td>\n<\/tr>\n<tr>\n<td><\/td>\n<td>8.<\/td>\n<td>Maike Ludolph<\/td>\n<td>04:22<\/td>\n<td>WU16<\/td>\n<\/tr>\n<tr>\n<td><\/td>\n<td>9.<\/td>\n<td>Debora Bachmann<\/td>\n<td>04:53<\/td>\n<td>WU16<\/td>\n<\/tr>\n<tr>\n<td><\/td>\n<td>5.<\/td>\n<td>Rabia Topci<\/td>\n<td>03:50<\/td>\n<td>WU14<\/td>\n<\/tr>\n<tr>\n<td><\/td>\n<td>10.<\/td>\n<td>Sophie R\u00fchling<\/td>\n<td>04:05<\/td>\n<td>WU14<\/td>\n<\/tr>\n<tr>\n<td><\/td>\n<td>3.<\/td>\n<td>Pia David<\/td>\n<td>04:04<\/td>\n<td>WU12<\/td>\n<\/tr>\n<tr>\n<td><\/td>\n<td>5.<\/td>\n<td>Vanessa Wyryma<\/td>\n<td>04:08<\/td>\n<td>WU12<\/td>\n<\/tr>\n<tr>\n<td><\/td>\n<td>8.<\/td>\n<td>Kim Schulze<\/td>\n<td>04:22<\/td>\n<td>WU12<\/td>\n<\/tr>\n<tr>\n<td><\/td>\n<td>11.<\/td>\n<td>Milena Klockmann<\/td>\n<td>04:43<\/td>\n<td>WU12<\/td>\n<\/tr>\n<tr>\n<td><\/td>\n<td>3.<\/td>\n<td>Naima Muth<\/td>\n<td>04:16<\/td>\n<td>WU10<\/td>\n<\/tr>\n<tr>\n<td><\/td>\n<td>5.<\/td>\n<td>Niklas Ludwig<\/td>\n<td>03:46<\/td>\n<td>MU12<\/td>\n<\/tr>\n<tr>\n<td><\/td>\n<td>6.<\/td>\n<td>Elijah Muth<\/td>\n<td>03:47<\/td>\n<td>MU12<\/td>\n<\/tr>\n<tr>\n<td><\/td>\n<td>3.<\/td>\n<td>Devlin Forciniti<\/td>\n<td>04:10<\/td>\n<td>MU10<\/td>\n<\/tr>\n<tr>\n<td><\/td>\n<td>14.<\/td>\n<td>Mathi Lichtenau<\/td>\n<td>04:53<\/td>\n<td>MU10<\/td>\n<\/tr>\n<tr>\n<td><\/td>\n<td>1.<\/td>\n<td>Laurenz Maron<\/td>\n<td>04:46<\/td>\n<td>Bambini<\/td>\n<\/tr>\n<tr>\n<td><\/td>\n<td><\/td>\n<td><\/td>\n<td><\/td>\n<td><\/td>\n<\/tr>\n<tr>\n<td><strong>5.000 m<\/strong><\/td>\n<td>3.<\/td>\n<td>Anne-Carin Maron<\/td>\n<td>26:37<\/td>\n<td>W30<\/td>\n<\/tr>\n<tr>\n<td><\/td>\n<td>4.<\/td>\n<td>Geraldine Euler<\/td>\n<td>25:34<\/td>\n<td>WU20<\/td>\n<\/tr>\n<tr>\n<td><\/td>\n<td>6.<\/td>\n<td>Luis Azevedo<\/td>\n<td>22:06<\/td>\n<td>MU16<\/td>\n<\/tr>\n<tr>\n<td><\/td>\n<td>9.<\/td>\n<td>Jan Nordmeier<\/td>\n<td>23:33<\/td>\n<td>MU16<\/td>\n<\/tr>\n<tr>\n<td><\/td>\n<td><\/td>\n<td><\/td>\n<td><\/td>\n<td><\/td>\n<\/tr>\n<tr>\n<td><strong>10.000 m<\/strong><\/td>\n<td>2.<\/td>\n<td>Johanna Stiegler<\/td>\n<td>58:43<\/td>\n<td>W20<\/td>\n<\/tr>\n<tr>\n<td><\/td>\n<td>6.<\/td>\n<td>Marcel Volkmann<\/td>\n<td>46:15<\/td>\n<td>M20<\/td>\n<\/tr>\n<tr>\n<td><\/td>\n<td>7.<\/td>\n<td>Timo Volkmann<\/td>\n<td>49:21<\/td>\n<td>M20<\/td>\n<\/tr>\n<tr>\n<td><\/td>\n<td>9.<\/td>\n<td>Dennis Lottis<\/td>\n<td>53:20<\/td>\n<td>M20<\/td>\n<\/tr>\n<tr>\n<td><\/td>\n<td>10.<\/td>\n<td>Dominik Rueppel<\/td>\n<td>1:07:35<\/td>\n<td>M20<\/td>\n<\/tr>\n<tr>\n<td><\/td>\n<td>14.<\/td>\n<td>Helmut Hartwig<\/td>\n<td>51:07<\/td>\n<td>M50<\/td>\n<\/tr>\n<tr>\n<td><\/td>\n<td><\/td>\n<td><\/td>\n<td><\/td>\n<td><\/td>\n<\/tr>\n<tr>\n<td><strong>20.000 m<\/strong><\/td>\n<td>3.<\/td>\n<td>Swetlana Wagner<\/td>\n<td>2:03:12<\/td>\n<td>W20<\/td>\n<\/tr>\n<tr>\n<td><\/td>\n<td>2.<\/td>\n<td>Matthias Musick<\/td>\n<td>1:17:43<\/td>\n<td>M30<\/td>\n<\/tr>\n<tr>\n<td><\/td>\n<td>13.<\/td>\n<td>Ralf Grunewald<\/td>\n<td>1:36:54<\/td>\n<td>M40<\/td>\n<\/tr>\n<tr>\n<td><\/td>\n<td>21.<\/td>\n<td>Jan Poppenh\u00e4ger<\/td>\n<td>1:43:29<\/td>\n<td>M40<\/td>\n<\/tr>\n<\/tbody>\n<\/table>\n","protected":false},"excerpt":{"rendered":"<p>Mit 427 Zieleinl\u00e4ufen war der Volkslauf in Hessisch Lichtenau wieder gut besucht. Das Wetter war dieses Jahr f\u00fcr die L\u00e4ufer optimal. Leicht bedeckt, trocken und nicht zu warm. Gestartet wurde am Samstag ab 14:50 Uhr im Stadion am Berg. Die Organisatoren waren bereits ab 9:00 Uhr auf den Beinen um die Strecke, den Start und &#8230;<\/p>\n","protected":false},"author":1,"featured_media":0,"parent":241,"menu_order":0,"comment_status":"closed","ping_status":"closed","template":"","meta":{"footnotes":""},"class_list":["post-358","page","type-page","status-publish","hentry"],"_links":{"self":[{"href":"https:\/\/lauftreff-tvheli.de\/lauftreff\/wp-json\/wp\/v2\/pages\/358","targetHints":{"allow":["GET"]}}],"collection":[{"href":"https:\/\/lauftreff-tvheli.de\/lauftreff\/wp-json\/wp\/v2\/pages"}],"about":[{"href":"https:\/\/lauftreff-tvheli.de\/lauftreff\/wp-json\/wp\/v2\/types\/page"}],"author":[{"embeddable":true,"href":"https:\/\/lauftreff-tvheli.de\/lauftreff\/wp-json\/wp\/v2\/users\/1"}],"replies":[{"embeddable":true,"href":"https:\/\/lauftreff-tvheli.de\/lauftreff\/wp-json\/wp\/v2\/comments?post=358"}],"version-history":[{"count":3,"href":"https:\/\/lauftreff-tvheli.de\/lauftreff\/wp-json\/wp\/v2\/pages\/358\/revisions"}],"predecessor-version":[{"id":383,"href":"https:\/\/lauftreff-tvheli.de\/lauftreff\/wp-json\/wp\/v2\/pages\/358\/revisions\/383"}],"up":[{"embeddable":true,"href":"https:\/\/lauftreff-tvheli.de\/lauftreff\/wp-json\/wp\/v2\/pages\/241"}],"wp:attachment":[{"href":"https:\/\/lauftreff-tvheli.de\/lauftreff\/wp-json\/wp\/v2\/media?parent=358"}],"curies":[{"name":"wp","href":"https:\/\/api.w.org\/{rel}","templated":true}]}}