{"id":3482,"date":"2026-01-25T10:49:57","date_gmt":"2026-01-25T09:49:57","guid":{"rendered":"https:\/\/lauftreff-tvheli.de\/lauftreff\/?page_id=3482"},"modified":"2026-04-06T17:34:07","modified_gmt":"2026-04-06T15:34:07","slug":"33-volkslauf-am-28-03-2026","status":"publish","type":"page","link":"https:\/\/lauftreff-tvheli.de\/lauftreff\/laufveranstaltungen-vom-lauftreff\/volkslauf-tv-hessisch-lichtenau\/33-volkslauf-am-28-03-2026\/","title":{"rendered":"33. Volkslauf am 28.03.2026"},"content":{"rendered":"<div class=\"wp-block-image\">\n<figure class=\"aligncenter size-large\"><img loading=\"lazy\" decoding=\"async\" width=\"1024\" height=\"598\" src=\"http:\/\/lauftreff-tvheli.de\/lauftreff\/wp-content\/uploads\/2026\/03\/2026.03.28-NHC-Hessisch-Lichtenau-HP-1024x598.jpg\" alt=\"\" class=\"wp-image-3554\" srcset=\"https:\/\/lauftreff-tvheli.de\/lauftreff\/wp-content\/uploads\/2026\/03\/2026.03.28-NHC-Hessisch-Lichtenau-HP-1024x598.jpg 1024w, https:\/\/lauftreff-tvheli.de\/lauftreff\/wp-content\/uploads\/2026\/03\/2026.03.28-NHC-Hessisch-Lichtenau-HP-300x175.jpg 300w, https:\/\/lauftreff-tvheli.de\/lauftreff\/wp-content\/uploads\/2026\/03\/2026.03.28-NHC-Hessisch-Lichtenau-HP-768x449.jpg 768w, https:\/\/lauftreff-tvheli.de\/lauftreff\/wp-content\/uploads\/2026\/03\/2026.03.28-NHC-Hessisch-Lichtenau-HP-1536x898.jpg 1536w, https:\/\/lauftreff-tvheli.de\/lauftreff\/wp-content\/uploads\/2026\/03\/2026.03.28-NHC-Hessisch-Lichtenau-HP-2048x1197.jpg 2048w\" sizes=\"auto, (max-width: 1024px) 100vw, 1024px\" \/><figcaption class=\"wp-element-caption\">10 Kilometerstart im Schneetreiben<\/figcaption><\/figure><\/div>\n\n\n<p>33. Volkslauf in Hessisch Lichtenau im Schneetreiben<\/p>\n\n\n\n<p>Das Wetter versprach alles, nur nicht sch\u00f6n zu werden. So gingen am Samstagmorgen die ersten Vorbereitungen zum Volkslauf im leichten Schneetreiben los. Das sollte sich auch im Laufe der Veranstaltung nicht \u00e4ndern und trotzdem gingen 290 hartgesottene Athleten an den Start, um die teils anspruchsvollen Strecken zu laufen.<\/p>\n\n\n\n<p>Eine Stadionrunde stand f\u00fcr die Bambinis auf dem Programm, 25 m\u00e4nnliche und 16 weibliche Kinder liefen die 400 Meter bis ins Ziel, wo bereits eine kleine S\u00fc\u00dfigkeit als Belohnung auf sie wartete.<\/p>\n\n\n\n<p>Die 1 Kilometer lange Strecke startete im Stadion und ging danach in Richtung Friedrichsbr\u00fcck, wo sich der Wendepunkt befand. Gestartet wurde in 5 L\u00e4ufen, je nach Altersklasse. Schnellster in 3:25 Minuten war Konstantin Dreyer von der LAV Kassel. Bei den jungen Damen lief Matthea Werne von der TSV Niederelsungen mit 4 Minuten die schnellste Zeit. Beide geh\u00f6ren zu der U12 Altersklasse.<\/p>\n\n\n\n<p>Mit 98 Startern war das Feld \u00fcber 5 Kilometer am besten besucht. Vom Stadion aus ging es bis kurz vor Friedrichsbr\u00fcck und danach wieder zur\u00fcck ins Stadion. Der Gesamtsieg bei den Damen ging an den LC Marathon Rotenburg, Anja Fritz gewann die Wertung in 22:48 Minuten. Platz 1 und 2 bei den M\u00e4nnern ging an die MT Melsungen. Lorenz Funck konnte sich mit 17 Minuten gegen\u00fcber seinem Vereinskamerad Aaron Wicke mit 11 Sekunden Vorsprung durchsetzen.<\/p>\n\n\n\n<p>Nach Friedrichbr\u00fcck und dann weiter in Richtung Hirschhagener Teiche liefen die 55 Starter auf der 10 Kilometer langen Wendestrecke. Das Laufteam Kassel konnte mit Naima Muth in 45:41 Minuten den ersten Platz holen. Anne-Carin Maron vom TV belegte dahinter Rang zwei. Christian Sch\u00fcffler vom Ski \u2013 Club Mei\u00dfner war der Schnellste, mit einer Zeit von 34:25 Minuten st\u00fcrmte er in das Stadion zum Ziel.<\/p>\n\n\n\n<p>Zwei Runden durch Hirschhagen durften die 27 Starter auf der 19,8 Kilometer langen Strecke machen, bevor sie wieder zur\u00fcck ins Stadion gelaufen sind. Mit 1:33:50 Stunden war Klara Schween von der LG Vellmar die schnellste Frau. Mit einer fabelhaften Zeit von 1:16:25 Stunden war Andreas Poppe von der LG Reinhardswald der Schnellste, er hatte einen deutlichen Vorsprung zur Konkurrenz.<\/p>\n\n\n\n<p>Der Lauftreff bedankt sich bei allen L\u00e4ufern f\u00fcr die Teilnahme bei unserem 33. Volkslauf. Auch den Helfern rund um die Veranstaltung und dem Deutschen Roten Kreuz ein dickes Dankesch\u00f6n.<\/p>\n\n\n\n<p><a href=\"https:\/\/my.raceresult.com\/382044\/\">Ergebnisse<\/a><\/p>\n\n\n\n<p><\/p>\n","protected":false},"excerpt":{"rendered":"<p>33. Volkslauf in Hessisch Lichtenau im Schneetreiben Das Wetter versprach alles, nur nicht sch\u00f6n zu werden. So gingen am Samstagmorgen die ersten Vorbereitungen zum Volkslauf im leichten Schneetreiben los. Das sollte sich auch im Laufe der Veranstaltung nicht \u00e4ndern und trotzdem gingen 290 hartgesottene Athleten an den Start, um die teils anspruchsvollen Strecken zu laufen. &#8230;<\/p>\n","protected":false},"author":1,"featured_media":0,"parent":241,"menu_order":0,"comment_status":"closed","ping_status":"closed","template":"","meta":{"footnotes":""},"class_list":["post-3482","page","type-page","status-publish","hentry"],"_links":{"self":[{"href":"https:\/\/lauftreff-tvheli.de\/lauftreff\/wp-json\/wp\/v2\/pages\/3482","targetHints":{"allow":["GET"]}}],"collection":[{"href":"https:\/\/lauftreff-tvheli.de\/lauftreff\/wp-json\/wp\/v2\/pages"}],"about":[{"href":"https:\/\/lauftreff-tvheli.de\/lauftreff\/wp-json\/wp\/v2\/types\/page"}],"author":[{"embeddable":true,"href":"https:\/\/lauftreff-tvheli.de\/lauftreff\/wp-json\/wp\/v2\/users\/1"}],"replies":[{"embeddable":true,"href":"https:\/\/lauftreff-tvheli.de\/lauftreff\/wp-json\/wp\/v2\/comments?post=3482"}],"version-history":[{"count":4,"href":"https:\/\/lauftreff-tvheli.de\/lauftreff\/wp-json\/wp\/v2\/pages\/3482\/revisions"}],"predecessor-version":[{"id":3572,"href":"https:\/\/lauftreff-tvheli.de\/lauftreff\/wp-json\/wp\/v2\/pages\/3482\/revisions\/3572"}],"up":[{"embeddable":true,"href":"https:\/\/lauftreff-tvheli.de\/lauftreff\/wp-json\/wp\/v2\/pages\/241"}],"wp:attachment":[{"href":"https:\/\/lauftreff-tvheli.de\/lauftreff\/wp-json\/wp\/v2\/media?parent=3482"}],"curies":[{"name":"wp","href":"https:\/\/api.w.org\/{rel}","templated":true}]}}