{"id":241,"date":"2018-07-10T20:12:47","date_gmt":"2018-07-10T18:12:47","guid":{"rendered":"http:\/\/lauftreff-tvheli.de\/lauftreff\/?page_id=241"},"modified":"2026-01-25T11:30:58","modified_gmt":"2026-01-25T10:30:58","slug":"volkslauf-tv-hessisch-lichtenau","status":"publish","type":"page","link":"https:\/\/lauftreff-tvheli.de\/lauftreff\/laufveranstaltungen-vom-lauftreff\/volkslauf-tv-hessisch-lichtenau\/","title":{"rendered":"Volkslauf TV Hessisch Lichtenau"},"content":{"rendered":"\n<p><span style=\"font-family: 'Verdana','sans-serif';\"><span style=\"color: #000000;\">Der Volkslauf wird seit 1991 jedes Jahr in Hessisch Lichtenau durchgef\u00fchrt. Er findet im Rahmen der Nordhessencupserie statt und flie\u00dft dort in das Punktesystem mit ein. Es werden Distanzen von 400 Meter bis 20 Kilometern angeboten, die Streckenf\u00fchrung \u00e4ndert sich gelegentlich, je nach Gegebenheiten in den umliegenden W\u00e4ldern. Die Veranstaltung findet im Stadion am Berg statt, dort sind auch in den angrenzenden Turnhallen Dusch- und Umkleidem\u00f6glichkeiten. <\/span><\/span><\/p>\n\n\n\n<p><span style=\"font-family: 'Verdana','sans-serif';\"><span style=\"color: #000000;\">Seit einigen Jahren wurde die manuelle Zeitnahme durch eine teilweise automatisierte Zeitnahme ersetzt, seit 2018 gibt es eine automatische Zeitnahme.<\/span><\/span><\/p>\n\n\n\n<p><span style=\"font-family: 'Verdana','sans-serif';\"><span style=\"color: #000000;\">Der Volkslauf wird vom Lauftreff, einer Sparte des TV 1894 Hessisch Lichtenau, mit vielen freiwilligen Helfern organisiert. Er ist ein vom DLV genehmigter Lauf und ist im IGL Cup aufgenommen.<\/span><\/span><\/p>\n\n\n\n<p>Strecken:<\/p>\n\n\n\n<p>5 Kilometer &#8211; <a href=\"http:\/\/lauftreff-tvheli.de\/lauftreff\/wp-content\/uploads\/2024\/01\/VlHeli5km.pdf\" data-type=\"URL\" data-id=\"http:\/\/lauftreff-tvheli.de\/lauftreff\/wp-content\/uploads\/2024\/01\/VlHeli5km.pdf\" target=\"_blank\" rel=\"noreferrer noopener\">http:\/\/lauftreff-tvheli.de\/lauftreff\/wp-content\/uploads\/2024\/01\/VlHeli5km.pdf<\/a><\/p>\n\n\n\n<p>10 Kilometer &#8211; <a href=\"http:\/\/lauftreff-tvheli.de\/lauftreff\/wp-content\/uploads\/2024\/01\/VlHeli10km.pdf\" target=\"_blank\" rel=\"noreferrer noopener\">http:\/\/lauftreff-tvheli.de\/lauftreff\/wp-content\/uploads\/2024\/01\/VlHeli10km.pdf<\/a><\/p>\n\n\n\n<p>20 Kilometer &#8211; <a href=\"http:\/\/lauftreff-tvheli.de\/lauftreff\/wp-content\/uploads\/2024\/01\/VlHeli20km.pdf\" target=\"_blank\" rel=\"noreferrer noopener\">http:\/\/lauftreff-tvheli.de\/lauftreff\/wp-content\/uploads\/2024\/01\/VlHeli20km.pdf<\/a><\/p>\n\n\n\n<p><strong>Achtung: Strecken k\u00f6nnen von den hier hochgeladenen abweichen<\/strong>!<\/p>\n","protected":false},"excerpt":{"rendered":"<p>Der Volkslauf wird seit 1991 jedes Jahr in Hessisch Lichtenau durchgef\u00fchrt. Er findet im Rahmen der Nordhessencupserie statt und flie\u00dft dort in das Punktesystem mit ein. Es werden Distanzen von 400 Meter bis 20 Kilometern angeboten, die Streckenf\u00fchrung \u00e4ndert sich gelegentlich, je nach Gegebenheiten in den umliegenden W\u00e4ldern. Die Veranstaltung findet im Stadion am Berg &#8230;<\/p>\n","protected":false},"author":1,"featured_media":0,"parent":2420,"menu_order":0,"comment_status":"closed","ping_status":"closed","template":"","meta":{"footnotes":""},"class_list":["post-241","page","type-page","status-publish","hentry"],"_links":{"self":[{"href":"https:\/\/lauftreff-tvheli.de\/lauftreff\/wp-json\/wp\/v2\/pages\/241","targetHints":{"allow":["GET"]}}],"collection":[{"href":"https:\/\/lauftreff-tvheli.de\/lauftreff\/wp-json\/wp\/v2\/pages"}],"about":[{"href":"https:\/\/lauftreff-tvheli.de\/lauftreff\/wp-json\/wp\/v2\/types\/page"}],"author":[{"embeddable":true,"href":"https:\/\/lauftreff-tvheli.de\/lauftreff\/wp-json\/wp\/v2\/users\/1"}],"replies":[{"embeddable":true,"href":"https:\/\/lauftreff-tvheli.de\/lauftreff\/wp-json\/wp\/v2\/comments?post=241"}],"version-history":[{"count":11,"href":"https:\/\/lauftreff-tvheli.de\/lauftreff\/wp-json\/wp\/v2\/pages\/241\/revisions"}],"predecessor-version":[{"id":2669,"href":"https:\/\/lauftreff-tvheli.de\/lauftreff\/wp-json\/wp\/v2\/pages\/241\/revisions\/2669"}],"up":[{"embeddable":true,"href":"https:\/\/lauftreff-tvheli.de\/lauftreff\/wp-json\/wp\/v2\/pages\/2420"}],"wp:attachment":[{"href":"https:\/\/lauftreff-tvheli.de\/lauftreff\/wp-json\/wp\/v2\/media?parent=241"}],"curies":[{"name":"wp","href":"https:\/\/api.w.org\/{rel}","templated":true}]}}